 divisor of 1139 and 67.
67
What is the greatest common divisor of 1767 and 93?
93
What is the highest common factor of 102 and 53142?
102
Calculate the highest common divisor of 50 and 150.
50
What is the greatest common divisor of 1364 and 744?
124
Calculate the highest common divisor of 10 and 115.
5
Calculate the highest common factor of 20 and 500.
20
Calculate the greatest common divisor of 44 and 1771.
11
Calculate the highest common factor of 990 and 66.
66
What is the greatest common factor of 2912 and 84?
28
Calculate the greatest common divisor of 54 and 90.
18
What is the highest common divisor of 2008 and 8?
8
Calculate the highest common factor of 335 and 469.
67
Calculate the highest common divisor of 3 and 1437.
3
Calculate the greatest common divisor of 16 and 3512.
8
Calculate the highest common factor of 16 and 2.
2
What is the greatest common factor of 36 and 144?
36
What is the greatest common factor of 18 and 1548?
18
What is the highest common factor of 94 and 611?
47
What is the greatest common factor of 188 and 94?
94
Calculate the greatest common divisor of 18 and 6219.
9
Calculate the highest common divisor of 10976 and 32.
32
What is the greatest common divisor of 102 and 48?
6
Calculate the highest common divisor of 11 and 2497.
11
What is the highest common divisor of 54 and 189?
27
Calculate the highest common divisor of 70 and 322.
14
What is the greatest common divisor of 5376 and 42?
42
Calculate the highest common divisor of 187 and 119.
17
Calculate the highest common factor of 786 and 6.
6
Calculate the greatest common factor of 1903 and 22.
11
Calculate the highest common divisor of 3139 and 86.
43
What is the highest common divisor of 12 and 880?
4
What is the highest common divisor of 102 and 23698?
34
Calculate the greatest common divisor of 1050 and 182.
14
Calculate the greatest common divisor of 745 and 5.
5
Calculate the greatest common factor of 6 and 4182.
6
Calculate the highest common divisor of 55 and 176.
11
What is the greatest common factor of 315 and 35?
35
Calculate the highest common factor of 102 and 6.
6
Calculate the highest common divisor of 81 and 1917.
27
Calculate the greatest common factor of 2641 and 278.
139
What is the greatest common divisor of 99 and 18?
9
What is the greatest common factor of 66 and 44?
22
Calculate the greatest common divisor of 28 and 4.
4
Calculate the greatest common factor of 594 and 66.
66
Calculate the highest common factor of 1184 and 74.
74
What is the highest common divisor of 2997 and 135?
27
Calculate the greatest common factor of 24 and 384.
24
Calculate the highest common divisor of 43 and 8299.
43
What is the highest common factor of 28 and 16?
4
What is the greatest common divisor of 182 and 2938?
26
Calculate the greatest common factor of 23264 and 48.
16
What is the greatest common divisor of 224 and 84?
28
Calculate the highest common divisor of 5221 and 138.
23
Calculate the greatest common divisor of 270 and 81.
27
Calculate the highest common factor of 41 and 287.
41
Calculate the greatest common divisor of 45 and 36.
9
Calculate the highest common divisor of 57 and 323.
19
What is the greatest common divisor of 1121 and 177?
59
Calculate the highest common factor of 1275 and 50.
25
Calculate the greatest common factor of 40 and 140.
20
Calculate the greatest common divisor of 1864 and 1165.
233
What is the highest common divisor of 891 and 11?
11
What is the highest common divisor of 2410 and 10?
10
Calculate the highest common divisor of 12 and 6.
6
What is the highest common divisor of 6 and 75?
3
What is the highest common divisor of 30 and 6315?
15
Calculate the highest common divisor of 312 and 3900.
156
Calculate the greatest common factor of 220 and 20.
20
Calculate the highest common factor of 125 and 10.
5
What is the highest common divisor of 16 and 196?
4
Calculate the highest common factor of 54 and 36.
18
Calculate the greatest common factor of 2067 and 636.
159
What is the greatest common divisor of 5 and 80?
5
What is the greatest common factor of 15 and 87?
3
Calculate the highest common factor of 1702 and 6026.
46
What is the highest common divisor of 11998 and 14?
14
Calculate the highest common factor of 76 and 8.
4
Calculate the greatest common divisor of 18 and 150.
6
Calculate the greatest common factor of 216 and 144.
72
Calculate the highest common divisor of 2880 and 90.
90
Calculate the greatest common factor of 2 and 14.
2
Calculate the greatest common divisor of 536 and 8107.
67
Calculate the greatest common divisor of 10132 and 68.
68
Calculate the highest common factor of 8 and 68.
4
Calculate the highest common divisor of 111 and 37.
37
What is the highest common divisor of 63 and 7?
7
Calculate the greatest common factor of 27 and 405.
27
Calculate the greatest common factor of 8103 and 111.
111
What is the greatest common divisor of 10 and 3?
1
What is the highest common divisor of 132 and 15444?
132
Calculate the highest common factor of 84 and 6804.
84
What is the highest common divisor of 115 and 29440?
115
What is the highest common factor of 762 and 7112?
254
What is the greatest common factor of 92 and 92?
92
What is the highest common divisor of 392 and 112?
56
Calculate the greatest common divisor of 19 and 4617.
19
Calculate the greatest common divisor of 43 and 215.
43
What is the highest common divisor of 25143 and 17?
17
What is the greatest common factor of 404 and 4?
4
Calculate the highest common divisor of 97 and 7.
1
What is the highest common divisor of 96 and 5328?
48
What is the highest common divisor of 240 and 74640?
240
What is the highest common factor of 145 and 58?
29
Calculate the greatest common divisor of 4841 and 235.
47
Calculate the greatest common factor of 16 and 1.
1
What is the greatest common divisor of 4680 and 52?
52
Calculate the greatest common factor of 1544 and 184.
8
What is the highest common divisor of 760 and 80?
40
What is the highest common divisor of 158 and 32?
2
Calculate the greatest common factor of 70390 and 10.
10
What is the greatest common divisor of 297 and 165?
33
Calculate the highest common divisor of 87 and 783.
87
Calculate the greatest common divisor of 488 and 73688.
488
What is the highest common factor of 108 and 864?
108
What is the highest common factor of 5 and 1?
1
Calculate the highest common divisor of 49 and 392.
49
What is the greatest common factor of 96 and 224?
32
What is the greatest common divisor of 25637 and 31?
31
Calculate the greatest common divisor of 364 and 260.
52
What is the greatest common divisor of 385 and 1?
1
Calculate the highest common factor of 448 and 28.
28
What is the greatest common divisor of 4455 and 22?
11
Calculate the highest common divisor of 41 and 656.
41
What is the greatest common divisor of 21 and 14133?
21
Calculate the highest common factor of 273 and 42.
21
What is the highest common divisor of 598 and 78?
26
What is the highest common factor of 8 and 200?
8
What is the greatest common factor of 4 and 2164?
4
Calculate the highest common factor of 114 and 3306.
114
Calculate the highest common divisor of 560 and 14.
14
What is the highest common divisor of 266 and 2261?
133
Calculate the greatest common divisor of 161 and 14.
7
What is the greatest common factor of 594 and 972?
54
Calculate the greatest common divisor of 28 and 75292.
28
Calculate the greatest common factor of 22 and 2.
2
Calculate the highest common divisor of 48 and 786.
6
Calculate the greatest common divisor of 259 and 189.
7
Calculate the greatest common factor of 570 and 57.
57
Calculate the greatest common factor of 18 and 999.
9
Calculate the greatest common factor of 276 and 2346.
138
Calculate the highest common divisor of 289 and 204.
17
What is the highest common divisor of 652 and 2445?
163
What is the highest common factor of 63 and 3906?
63
What is the greatest common divisor of 140 and 182?
14
What is the highest common factor of 121 and 583?
11
What is the highest common factor of 90 and 126?
18
What is the greatest common divisor of 60 and 5370?
30
What is the highest common divisor of 2490 and 60?
30
What is the highest common divisor of 36 and 480?
12
What is the highest common factor of 1458 and 